greatest common factor of 5 and y?
5
Let t = -15 - -26. What is the greatest common factor of t and 33?
11
Let x(s) = -3 + s - 3*s + s**2 + 1. Let n be (8/(-10))/((-1)/5). Let a be x(n). Calculate the greatest common factor of 4 and a.
2
Suppose -2*f + 2*t = -24, -4*t - t = 25. Calculate the greatest common factor of 28 and f.
7
Let q(i) = 5*i**2 + i. Let j be q(-1). Suppose -v = -3*z + 98, -3*z = -0*v + j*v - 88. What is the highest common divisor of 80 and z?
16
Let j be (4/(-5))/((-2)/5). Suppose -3*o + 43 = -j*g, -2*g - 3 + 15 = 2*o. Calculate the greatest common divisor of o and 44.
11
Let p be (72/42)/((-1)/(-7)). Let m be (-4)/(-14) + 664/28. Calculate the greatest common factor of p and m.
12
Let l = 94 + -64. What is the highest common factor of l and 45?
15
Suppose -2*f + 7*f - 5*b = 135, b = -2*f + 45. Let d(c) = c**3 - 7*c**2 + 9*c - 10. Let t be d(6). Calculate the highest common factor of f and t.
8
Let h(f) = -f**2 + 9*f - 2. Let i be h(6). What is the highest common factor of i and 32?
16
Let t(d) = 2*d**2 + 14*d + 4. Let g be t(-10). Calculate the highest common factor of g and 8.
8
Suppose -4*q + 20 = -j, 0 = -4*q - 8*j + 4*j. Let h(r) = r**3 + 3*r**2 + 4*r. Let x be h(q). Let y = -65 + x. Calculate the greatest common factor of 7 and y.
7
Suppose 0 = 12*r - 32 - 4. Let n be ((-12)/(-2))/(-1)*-1. Calculate the greatest common factor of n and r.
3
Let y(n) = -3*n**2 + n + 2. Let w be y(-2). Let b be 3/w - (-276)/16. What is the greatest common factor of b and 34?
17
Let h(b) be the first derivative of 29*b**3/3 + b + 2. Let j be h(1). Let a be (-677)/(-9) + (-4)/18. Calculate the greatest common divisor of a and j.
15
Let z be -2*((1 - 1) + -2). Let a = z - -2. What is the highest common factor of 30 and a?
6
Let n be (0 - 2 - -1)*1. Let a(j) = -3*j**3 - j**2 + j + 1. Let q be a(n). What is the highest common divisor of q and 2?
2
Let u be 7/(-49) - (-86)/14. Let i be ((-48)/(-20))/((-2)/(-25)). What is the highest common divisor of i and u?
6
Suppose t = -2*t. Suppose 96 = -t*u + 4*u. Let c be (-298)/(-5) + (-4)/(-10). What is the highest common factor of c and u?
12
Let j be 584/12 + (-20)/12. What is the greatest common factor of j and 188?
47
Let y be (5 - 8)*(-100)/3. Calculate the greatest common divisor of 25 and y.
25
Suppose -3*m = 5*w - 83, -3*w = -3*m + 2*m + 51. Calculate the highest common divisor of 12 and m.
12
Suppose 0 = j - 4*z + 11, -4*j + z = -4*z + 11. Let p(w) = 4 - 3 + w**2 + j + 0*w**2. Let y be p(2). What is the highest common divisor of 30 and y?
6
Let g be (8/6)/1*3. Suppose -g*b = -4*i - 11 + 39, 0 = -3*i - 4*b - 7. Let m(h) = -h - 5. Let k be m(-7). What is the greatest common factor of i and k?
1
Let r(o) = o**3 + 7*o**2 - 4. Let a be r(-7). Let c = a - -6. Suppose c*v = -s - v + 28, 0 = -4*v - 16. Calculate the highest common divisor of 16 and s.
8
Let l = -12 - -8. Let k be 100/36 + l/(-18). Calculate the greatest common factor of 2 and k.
1
Let d be ((-48)/(-40))/((-3)/(-10)). What is the highest common factor of 32 and d?
4
Let o(u) = -2*u**3 - 6*u**2 - u - 5. Suppose -3*c - 11 = 4. Let k be o(c). Suppose 0 = 4*r + r - k. Calculate the highest common factor of r and 140.
20
Let f = 217 - 125. What is the highest common factor of 23 and f?
23
Let i be 2/(-3) + (-42)/(-9). Suppose 0 = -o - i*o + 275. Suppose 18 + 4 = q. Calculate the greatest common divisor of q and o.
11
Let w = -39 + 59. Calculate the highest common factor of w and 10.
10
Suppose -3*m = -0*m + 15, -m + 7 = n. Let w(u) = 7*u**2 - 3. Let c be w(-3). What is the highest common factor of n and c?
12
Let q(r) = r**3 + 12*r**2 + 11*r + 23. Let h be q(-11). What is the highest common divisor of 115 and h?
23
Let i(j) = j**3 + 5*j**2 - 8*j - 9. Let t be i(-6). Suppose -2*m - 2 = -t*m. Calculate the highest common divisor of 2 and m.
2
Let p = -9 - -11. Suppose p*g + 0*g = -6. Let u(y) = -6*y. Let m be u(g). Calculate the highest common divisor of 90 and m.
18
Let r be 14/8 + (-1)/(-4). Suppose -v = -r*v - 5*t + 11, 0 = -5*t + 5. Suppose i = 3, i = -u + 2*i + 15. What is the greatest common divisor of v and u?
6
Let x(p) = -p**3 - 8*p**2 + p + 9. Let d be x(-8). What is the greatest common factor of 3 and d?
1
Let q(i) be the second derivative of 3*i**4/4 - i**3/3 + i**2/2 + 8*i. Let j be q(1). What is the greatest common factor of j and 1?
1
Let t be (-7)/14 - 111/(-6). What is the highest common factor of 90 and t?
18
Suppose 23 - 9 = 2*j + 4*s, 2*s = -2*j + 12. Suppose 0 = j*c - 2*v + 3, v + 3*v = -3*c + 19. What is the greatest common divisor of 3 and c?
1
Suppose -3*u + 87 = 2*f - 13, -2*u = -f - 76. Let o be (25/(-4))/((-1)/4). Let h = 49 - o. What is the highest common divisor of u and h?
12
Let h be (-816)/(-15) - (-4)/(-10). Let k be ((-1)/((-2)/(-27)))/((-9)/12). Calculate the greatest common divisor of h and k.
18
Suppose 2*m - 5*m = -3. Suppose 2*w = 4*w - 10. Suppose 0 = z + m, w*z + 853 = 4*t + 272. What is the greatest common divisor of t and 18?
18
Let l(d) = 3*d**2 + 2*d. Let n be l(-5). Let r = 23 - 11. Suppose 0 = 5*q - r - 53. What is the greatest common divisor of n and q?
13
Let o = 9 - -2. Let p be 2 + 0 + (-75)/(-1). Calculate the greatest common factor of o and p.
11
Let l be (-34)/((0 - -3) + -5). Let a = l - 9. Suppose 13 = -2*z + 53. Calculate the greatest common divisor of a and z.
4
Let b = 5 - 4. Let l be (-1 - -4)/(b/42). Suppose 6 = -3*q + l. What is the highest common divisor of q and 10?
10
Let t = 79 + -25. What is the highest common factor of t and 486?
54
Let w = 15 + -3. Suppose -g - 28 + 0 = -2*p, -p - 3*g = 0. What is the highest common factor of p and w?
12
Let u be 52*(15/(-12))/(-5). Let h(j) = j + 4. Let v be h(9). Calculate the highest common divisor of v and u.
13
Let o be (4*26/3)/(4/6). What is the greatest common divisor of 156 and o?
52
Let s(n) = 6*n**3 - 2*n**2 - n + 1. Let a(z) = z**2. Let i(g) = 4*a(g) + s(g). Let l be i(2). Let p = 20 - 9. Calculate the greatest common divisor of p and l.
11
Let f = 7 - 8. Let t be (-4)/(f*3/18). Let a = -3 - -6. Calculate the greatest common factor of a and t.
3
Suppose 6 = 3*x - 57. Calculate the greatest common factor of x and 189.
21
Suppose 4*u = u + 24. Let s = u + -3. Suppose s*b = -2*p + 13 + 14, 4*b - 20 = -2*p. Calculate the highest common factor of 35 and b.
7
Let v be 15/4*(-56)/(-21). What is the highest common divisor of 80 and v?
10
Let s be (-4)/(-6)*-3*-2. What is the greatest common factor of 44 and s?
4
Let p(s) = -5*s - 2. Let q be p(-4). What is the greatest common divisor of 30 and q?
6
Let z be (-126)/7 - (0 + 1). Let l = z + 27. Let n be (9 + 1)*24/15. What is the greatest common factor of l and n?
8
Suppose -2*u + 5*u = 282. Let r = 182 - u. Let z = 36 + -25. What is the highest common factor of r and z?
11
Suppose x = -4*f + 7, 0 = 3*f - 5*f - 2*x + 8. Let t = 5 - f. Suppose t*s + 4*n = 72, -n + 67 = 4*s + 2*n. Calculate the greatest common factor of s and 26.
13
Let f(k) = 12*k**3 - k**2 + 2*k - 1. Let n be f(1). Calculate the greatest common factor of 108 and n.
12
Suppose 5*n = -0*n + 405. Let g(z) = -z**2 - 6*z + 1. Let i be g(-4). What is the highest common factor of i and n?
9
Suppose 130 = 6*z - z. Calculate the highest common factor of z and 208.
26
Let o be (-716)/(-18) - (-22)/99. What is the greatest common factor of 5 and o?
5
Let w = 19 + 1. Let x = w + -1. Calculate the greatest common divisor of x and 95.
19
Let k = 205 - 199. Suppose -3*d = -d - 132. What is the highest common factor of k and d?
6
Let w be 363/2*1*4/6. Calculate the greatest common factor of 11 and w.
11
Let p(j) = -j**3 + 5*j**2 - 2*j - 2. Let k be p(4). Let u(d) = -d**3 + 5*d**2 + 9*d - 4. Let f be u(k). Calculate the highest common divisor of 70 and f.
14
Let y be 14 + -1*(-3 + 2 - -3). What is the highest common divisor of 9 and y?
3
Let i = -207 - -121. Let l be 2 + (-2 + 1)*i. Calculate the highest common divisor of 11 and l.
11
Suppose 3*v - o = -0*o - 18, 2*o = 2*v + 8. Let s(z) = z**3 + 6*z**2 - 8*z + 8. Let g be s(v). What is the greatest common factor of 165 and g?
15
Let q(w) = -w**2 + 5*w - 3. Let b be q(3). Let k be -4 - (b + 14)/(-1). Calculate the greatest common factor of 13 and k.
13
Let d = -8 + 11. Let k be 44/3 + 